{"id":41,"date":"2021-01-15T13:34:42","date_gmt":"2021-01-15T12:34:42","guid":{"rendered":"http:\/\/powreketrzyn.pl\/?page_id=41"},"modified":"2026-02-01T21:20:33","modified_gmt":"2026-02-01T20:20:33","slug":"grafik-dyzurow-metodycznych-doradcow-podn","status":"publish","type":"page","link":"https:\/\/powreketrzyn.pl\/index.php\/grafik-dyzurow-metodycznych-doradcow-podn\/","title":{"rendered":"Doradcy metodyczni Powiatowego O\u015brodka Doskonalenia Nauczycieli w K\u0119trzynie"},"content":{"rendered":"\n<p class=\"has-vivid-cyan-blue-color has-text-color has-medium-font-size\">Marta Kragiel \u2013 dyrektor Powiatowego O\u015brodka Wspierania i Rozwoju Edukacji w K\u0119trzynie, nauczyciel konsultant w zakresie biologii i fizyki; e-mail: marta.kragiel@powreketrzyn.pl<\/p>\n\n\n\n<p class=\"has-black-color has-text-color has-medium-font-size\">Katarzyna Aleszczyk \u2013 doradca metodyczny w zakresie wychowania fizycznego i edukacji zdrowotnej; e-mail: katarzyna.aleszczyk@powreketrzyn.pl<\/p>\n\n\n\n<p class=\"has-medium-font-size\">Justyna Jarota &#8211; Banach &#8211; doradca metodyczny edukacji przedszkolnej; justyna.jarota-banach@powreketrzyn.pl<\/p>\n\n\n\n<p class=\"has-black-color has-text-color has-medium-font-size\">Krystyna Bujnowska -doradca metodyczny w zakresie edukacji wczesnoszkolnej; e-mail: krystyna.bujnowska@powreketrzyn.pl<\/p>\n\n\n\n<p class=\"has-black-color has-text-color has-medium-font-size\">Aneta Dunaj \u2013 doradca metodyczny w zakresie kszta\u0142cenia specjalnego; e-mail: aneta.dunaj@powreketrzyn.pl<\/p>\n\n\n\n<p class=\"has-black-color has-text-color has-medium-font-size\">Ma\u0142gorzata Hrycenko \u2013 doradca metodyczny z doradztwa zawodowego i j\u0119zyka polskiego;             e-mail: malgorzata.hrycenko@powreketrzyn.pl<\/p>\n\n\n\n<p class=\"has-black-color has-text-color has-medium-font-size\">Katarzyna Kaliszewska &#8211; doradca metodyczny z j\u0119zyka angielskiego w szko\u0142ach podstawowych; e-mail: katarzyna.kaliszewska@powreketrzyn.pl<\/p>\n\n\n\n<p class=\"has-medium-font-size\">Dorota Korneluk &#8211; doradca metodyczny kszta\u0142cenia bran\u017cowego; e-mail: dorota.korneluk@powreketrzyn.pl<\/p>\n\n\n\n<p class=\"has-medium-font-size\">Marek Ku\u0142ak &#8211; doradca metodyczny z przedmiot\u00f3w przyrodniczych, g\u0142. geografia; e-mail: marek.kulak@powreketrzyn.pl<\/p>\n\n\n\n<p class=\"has-black-color has-text-color has-medium-font-size\">Izabela Kuncer \u2013 doradca metodyczny z j\u0119zyka polskiego w szko\u0142ach podstawowych; e-mail: izabela.kuncer@powreketrzyn.pl<\/p>\n\n\n\n<p class=\"has-medium-font-size\">Anna Opala &#8211; doradca metodyczny w zakresie muzyki, plastyki i techniki w szko\u0142ach podstawowych; e-mail: anna.opala@powreketrzyn.pl<\/p>\n\n\n\n<p class=\"has-black-color has-text-color has-medium-font-size\">Ewa Poniatowska &#8211; doradca metodyczny z matematyki w szko\u0142ach podstawowych; e-mail: ewa.poniatowska@powreketrzyn.pl<\/p>\n\n\n\n<p class=\"has-black-color has-text-color has-medium-font-size\">Marzena Wierzchowska &#8211; doradca metodyczny z matematyki w szko\u0142ach ponadpodstawowych; e-mail: marzena.wierzchowska@powreketrzyn.pl<\/p>\n\n\n\n<p><\/p>\n","protected":false},"excerpt":{"rendered":"<p>Marta Kragiel \u2013 dyrektor Powiatowego O\u015brodka Wspierania i Rozwoju Edukacji w K\u0119trzynie, nauczyciel konsultant w zakresie biologii i fizyki; e-mail: marta.kragiel@powreketrzyn.pl Katarzyna Aleszczyk \u2013 doradca metodyczny w zakresie wychowania fizycznego i edukacji zdrowotnej; e-mail: katarzyna.aleszczyk@powreketrzyn.pl Justyna Jarota &#8211; Banach &#8211; doradca metodyczny edukacji przedszkolnej; justyna.jarota-banach@powreketrzyn.pl&hellip; <a href=\"https:\/\/powreketrzyn.pl\/index.php\/grafik-dyzurow-metodycznych-doradcow-podn\/\">Read More<\/a><\/p>\n","protected":false},"author":1,"featured_media":138,"parent":0,"menu_order":0,"comment_status":"closed","ping_status":"closed","template":"","meta":[],"_links":{"self":[{"href":"https:\/\/powreketrzyn.pl\/index.php\/wp-json\/wp\/v2\/pages\/41"}],"collection":[{"href":"https:\/\/powreketrzyn.pl\/index.php\/wp-json\/wp\/v2\/pages"}],"about":[{"href":"https:\/\/powreketrzyn.pl\/index.php\/wp-json\/wp\/v2\/types\/page"}],"author":[{"embeddable":true,"href":"https:\/\/powreketrzyn.pl\/index.php\/wp-json\/wp\/v2\/users\/1"}],"replies":[{"embeddable":true,"href":"https:\/\/powreketrzyn.pl\/index.php\/wp-json\/wp\/v2\/comments?post=41"}],"version-history":[{"count":5,"href":"https:\/\/powreketrzyn.pl\/index.php\/wp-json\/wp\/v2\/pages\/41\/revisions"}],"predecessor-version":[{"id":1484,"href":"https:\/\/powreketrzyn.pl\/index.php\/wp-json\/wp\/v2\/pages\/41\/revisions\/1484"}],"wp:featuredmedia":[{"embeddable":true,"href":"https:\/\/powreketrzyn.pl\/index.php\/wp-json\/wp\/v2\/media\/138"}],"wp:attachment":[{"href":"https:\/\/powreketrzyn.pl\/index.php\/wp-json\/wp\/v2\/media?parent=41"}],"curies":[{"name":"wp","href":"https:\/\/api.w.org\/{rel}","templated":true}]}}