{"id":393,"date":"2021-04-19T14:31:11","date_gmt":"2021-04-19T12:31:11","guid":{"rendered":"http:\/\/powreketrzyn.pl\/?page_id=393"},"modified":"2023-03-08T12:24:13","modified_gmt":"2023-03-08T11:24:13","slug":"deklaracja-dostepnosci","status":"publish","type":"page","link":"https:\/\/powreketrzyn.pl\/index.php\/deklaracja-dostepnosci\/","title":{"rendered":"Deklaracja dost\u0119pno\u015bci"},"content":{"rendered":"\n<p><strong>DEKLARACJA DOST\u0118PNO\u015aCI SERWISU INTERNETOWEGO www.powreketrzyn.pl<\/strong><\/p>\n\n\n\n<p>Powiatowy O\u015brodek Wspierania i Rozwoju Edukacji w K\u0119trzynie, ul. Pocztowa 11, 11-400 K\u0119trzyn \u2013 zobowi\u0105zuje si\u0119 zapewni\u0107 dost\u0119pno\u015b\u0107 strony internetowej zgodnie z ustaw\u0105 z dnia 4 kwietnia 2019 r. o dost\u0119pno\u015bci cyfrowej stron internetowych i aplikacji mobilnych podmiot\u00f3w publicznych. O\u015bwiadczenie w sprawie dost\u0119pno\u015bci ma zastosowanie do serwisu internetowego <a href=\"http:\/\/www.powreketrzyn.pl\">www.powreketrzyn.pl<\/a><\/p>\n\n\n\n<p>Data publikacji strony internetowej: 15.11.2020<\/p>\n\n\n\n<p>Data ostatniej istotnej aktualizacji: 15.11.2020<\/p>\n\n\n\n<p><strong><em><u>Status Pod Wzgl\u0119dem Dost\u0119pno\u015bci<\/u><\/em><\/strong><em><u>:<\/u><\/em><\/p>\n\n\n\n<p>Strona internetowa jest cz\u0119\u015bciowo zgodna z ustaw\u0105 z dnia 4 kwietnia 2019 r. o dost\u0119pno\u015bci cyfrowej stron internetowych i aplikacji mobilnych podmiot\u00f3w publicznych z powodu niezgodno\u015bci lub wy\u0142\u0105cze\u0144 wymienionych poni\u017cej:<\/p>\n\n\n\n<ul><li>cz\u0119\u015b\u0107 plik\u00f3w nie jest dost\u0119pna cyfrowo;<\/li><li>cz\u0119\u015b\u0107 odno\u015bnik\u00f3w mo\u017ce nie by\u0107 wyr\u00f3\u017cniona.<\/li><\/ul>\n\n\n\n<p><strong><em><u>Wy\u0142\u0105czenia:<\/u><\/em><\/strong><strong><\/strong><\/p>\n\n\n\n<ul><li>mapy s\u0105 wy\u0142\u0105czone z obowi\u0105zku zapewnienia dost\u0119pno\u015bci;<\/li><\/ul>\n\n\n\n<p>Dok\u0142ada si\u0119 wszelkich stara\u0144, aby na bie\u017c\u0105co usuwa\u0107 stwierdzone bariery na stronie internetowej <a href=\"http:\/\/www.powreketrzyn.pl\">www.powreketrzyn.pl<\/a>.<\/p>\n\n\n\n<p>Deklaracj\u0119 sporz\u0105dzono na podstawie samooceny przeprowadzonej przez podmiot publiczny oraz skorzystano z dost\u0119pnego narz\u0119dzia do oceny strony: Test-European Internet Inclusion Initiative (http:\/\/checkers.eiii.eu\/), z kt\u00f3rego wynika, ze strona www.powreketrzyn.pl spe\u0142nia wymagania w 92.30%.<\/p>\n\n\n\n<p><strong><em><u>Informacje zwrotne i dane kontaktowe:<\/u><\/em><\/strong><strong><\/strong><\/p>\n\n\n\n<p>W przypadku problem\u00f3w z dost\u0119pno\u015bci\u0105 strony internetowej prosimy o kontakt z osob\u0105 kontaktow\u0105, kt\u00f3r\u0105 jest koordynator ds. dost\u0119pno\u015bci w Starostwie Powiatowym w K\u0119trzynie i powiatowych jednostkach organizacyjnych.<\/p>\n\n\n\n<p>Kontakt: Starostwo Powiatowe w K\u0119trzynie<\/p>\n\n\n\n<p>Plac Grunwaldzki 1, 11-400 K\u0119trzyn<\/p>\n\n\n\n<p>tel. +48 89 751 17 57<\/p>\n\n\n\n<p>e-mail: rafal.jakubczak@starostwo.ketrzyn.pl<\/p>\n\n\n\n<p>T\u0105 sam\u0105 drog\u0105 mo\u017cna sk\u0142ada\u0107 wnioski o udost\u0119pnienie informacji niedost\u0119pnej oraz sk\u0142ada\u0107 \u017c\u0105dania zapewnienia dost\u0119pno\u015bci.<\/p>\n\n\n\n<p>Ka\u017cdy ma prawo do wyst\u0105pienia z \u017c\u0105daniem zapewnienia dost\u0119pno\u015bci cyfrowej strony internetowej. Mo\u017cna tak\u017ce za\u017c\u0105da\u0107 udost\u0119pnienia informacji w formach alternatywnych, na przyk\u0142ad przez odczytanie niedost\u0119pnego cyfrowo dokumentu, opisania zawarto\u015bci filmu bez audiodeskrypcji itp. \u017b\u0105danie powinno zawiera\u0107 dane osoby zg\u0142aszaj\u0105cej \u017c\u0105danie, wskazanie kt\u00f3rego elementu strony internetowej dotyczy oraz spos\u00f3b kontaktu. Je\u017celi osoba \u017c\u0105daj\u0105ca zg\u0142asza potrzeb\u0119 otrzymania informacji za pomoc\u0105 alternatywnego sposobu dost\u0119pu, powinna tak\u017ce okre\u015bli\u0107 dogodny spos\u00f3b przedstawienia tej informacji.<\/p>\n\n\n\n<p>Podmiot publiczny powinien zrealizowa\u0107 \u017c\u0105danie niezw\u0142ocznie, nie p\u00f3\u017aniej ni\u017c w ci\u0105gu 7 dni od dnia wyst\u0105pienia z \u017c\u0105daniem. Je\u017celi dotrzymanie tego terminu nie jest mo\u017cliwe, podmiot publiczny niezw\u0142ocznie informuje o tym wnosz\u0105cego \u017c\u0105danie z informacj\u0105 o terminie realizacji, przy czym termin ten nie mo\u017ce by\u0107 d\u0142u\u017cszy ni\u017c 2 miesi\u0105ce od dnia wyst\u0105pienia z \u017c\u0105daniem. Je\u017celi zapewnienie dost\u0119pno\u015bci cyfrowej nie jest mo\u017cliwe, podmiot publiczny mo\u017ce zaproponowa\u0107 alternatywny spos\u00f3b dost\u0119pu do informacji.<\/p>\n\n\n\n<p>W przypadku gdy podmiot odm\u00f3wi realizacji \u017c\u0105dania zapewnienia dost\u0119pno\u015bci lub alternatywnego dost\u0119pu do informacji, mo\u017cna z\u0142o\u017cy\u0107 skarg\u0119 na takie dzia\u0142anie. Po wyczerpaniu wskazanej wy\u017cej procedury mo\u017cna tak\u017ce z\u0142o\u017cy\u0107 wniosek do Rzecznika Praw Obywatelskich.<\/p>\n\n\n\n<p>Link do Rzecznika Praw Obywatelskich: <a href=\"https:\/\/www.rpo.gov.pl\/\">https:\/\/www.rpo.gov.pl\/<\/a><\/p>\n\n\n\n<p><strong><em>STATUS DOST\u0118PNO\u015aCI ARCHITEKTONICZNEJ:<\/em><\/strong><strong><\/strong><\/p>\n\n\n\n<p><em><u>Powiatowy O\u015brodek Wspierania i Rozwoju Edukacji w K\u0119trzynie<\/u><\/em><\/p>\n\n\n\n<p>Do budynku prowadzi wej\u015bcie od ulicy Pocztowej 11, kt\u00f3re zlokalizowane jest na parterze. Siedziba POWRE w K\u0119trzynie mie\u015bci si\u0119 na parterze budynku. W budynku nie ma windy. Na parterze budynku (przy wej\u015bciu) znajduje si\u0119 toaleta dla os\u00f3b niepe\u0142nosprawnych. Do POWRE w K\u0119trzynie prowadzi jeszcze jedno wej\u015bcie od strony ul. Pocztowej (r\u00f3wnolegle do ulicy \u2013 wsp\u00f3lne z Powiatowym Centrum Biblioteczno \u2013 Kulturalnym w K\u0119trzynie). Tu r\u00f3wnie\u017c nie ma windy.<\/p>\n\n\n\n<p>Przed wej\u015bciem do budynku znajduje si\u0119 parking dla samochod\u00f3w osobowych, na kt\u00f3rym wyznaczono 2 miejsca parkingowe dla os\u00f3b niepe\u0142nosprawnych. Brak przy tym wej\u015bciu schodo\u0142azu i podjazdu. Drzwi wej\u015bciowe nie s\u0105 rozsuwane.&nbsp; W tym wypadku wyst\u0119puj\u0119 bariera architektoniczna. Nad wej\u015bciem nie ma g\u0142o\u015bnik\u00f3w systemu naprowadzaj\u0105cego d\u017awi\u0119kowo osoby niewidome i s\u0142abowidz\u0105ce ani informacji o dost\u0119pnym wej\u015bciu dostosowanym dla os\u00f3b niepe\u0142nosprawnych na w\u00f3zku. Brak jest dostosowania dost\u0119pno\u015bci chodnika przy tym wej\u015bciu z parkingu przed budynkiem (wysoki kraw\u0119\u017cnik). W budynku nie ma oznacze\u0144 w alfabecie Braille\u2019a oraz oznacze\u0144 kontrastowych lub w druku powi\u0119kszonym dla os\u00f3b niewidomych i s\u0142abo widz\u0105cych.<\/p>\n\n\n\n<p>Do wszystkich pomieszcze\u0144 w budynku mo\u017cna wej\u015b\u0107 z psem asystuj\u0105cym i psem przewodnikiem.<\/p>\n\n\n\n<p><strong><em>DOST\u0118PNO\u015a\u0106 KOMUNIKACYJNO \u2013 INFORMACYJNA<\/em><\/strong><strong><\/strong><\/p>\n\n\n\n<p>W budynku nie ma p\u0119tli indukcyjnych. (przesy\u0142a d\u017awi\u0119k bezpo\u015brednio do aparatu s\u0142uchowego osoby s\u0142abos\u0142ysz\u0105cej).<\/p>\n\n\n\n<p>W budynku nie ma oznacze\u0144 w alfabecie Braille\u2019a ani oznacze\u0144 kontrastowych lub w druku powi\u0119kszonym dla os\u00f3b niewidomych i s\u0142abowidz\u0105cych.<\/p>\n\n\n\n<p>Zgodnie z ustaw\u0105 z dnia 19 sierpnia 2011 roku o j\u0119zyku migowym i innych \u015brodkach komunikowania si\u0119 osoby do\u015bwiadczaj\u0105ce trwale lub okresowo trudno\u015bci w komunikowaniu si\u0119 (osoby g\u0142uche i g\u0142uchonieme) mog\u0105:<\/p>\n\n\n\n<p>1) komunikowa\u0107 si\u0119 ze Powiatowym O\u015brodku Wspierania i Rozwoju Edukacji w K\u0119trzynie za pomoc\u0105:<\/p>\n\n\n\n<ul><li>poczty elektronicznej \u2013 <a href=\"mailto:kontakt@powreketrzyn.pl\">kontakt@powreketrzyn.pl<\/a>;<\/li><li>skontaktowanie si\u0119 telefonicznie lub przy pomocy osoby trzeciej na numer telefonu: 89 751 35 36 lub 786 953 502 lub 517 049&nbsp;950;<\/li><li>faksu \u2013 numer 89 751 35 36.<\/li><\/ul>\n\n\n\n<p>UWAGA!<\/p>\n\n\n\n<p>W przypadku korzystania przez osoby uprawnione z pomocy tzw. osoby przybranej, czyli osoby, kt\u00f3ra uko\u0144czy\u0142a 16 lat i zosta\u0142a wybrana przez osob\u0119 uprawnion\u0105 w celu u\u0142atwienia porozumiewania si\u0119 z osob\u0105 uprawnion\u0105 i udzielenia jej pomocy w za\u0142atwieniu spraw, wizyta w Powiatowym O\u015brodku Wspierania i Rozwoju Edukacji w K\u0119trzynie nie musi by\u0107 wcze\u015bniej uzgadniana.<\/p>\n","protected":false},"excerpt":{"rendered":"<p>DEKLARACJA DOST\u0118PNO\u015aCI SERWISU INTERNETOWEGO www.powreketrzyn.pl Powiatowy O\u015brodek Wspierania i Rozwoju Edukacji w K\u0119trzynie, ul. Pocztowa 11, 11-400 K\u0119trzyn \u2013 zobowi\u0105zuje si\u0119 zapewni\u0107 dost\u0119pno\u015b\u0107 strony internetowej zgodnie z ustaw\u0105 z dnia 4 kwietnia 2019 r. o dost\u0119pno\u015bci cyfrowej stron internetowych i aplikacji mobilnych podmiot\u00f3w publicznych. O\u015bwiadczenie&hellip; <a href=\"https:\/\/powreketrzyn.pl\/index.php\/deklaracja-dostepnosci\/\">Read More<\/a><\/p>\n","protected":false},"author":2,"featured_media":0,"parent":0,"menu_order":0,"comment_status":"closed","ping_status":"closed","template":"","meta":[],"_links":{"self":[{"href":"https:\/\/powreketrzyn.pl\/index.php\/wp-json\/wp\/v2\/pages\/393"}],"collection":[{"href":"https:\/\/powreketrzyn.pl\/index.php\/wp-json\/wp\/v2\/pages"}],"about":[{"href":"https:\/\/powreketrzyn.pl\/index.php\/wp-json\/wp\/v2\/types\/page"}],"author":[{"embeddable":true,"href":"https:\/\/powreketrzyn.pl\/index.php\/wp-json\/wp\/v2\/users\/2"}],"replies":[{"embeddable":true,"href":"https:\/\/powreketrzyn.pl\/index.php\/wp-json\/wp\/v2\/comments?post=393"}],"version-history":[{"count":4,"href":"https:\/\/powreketrzyn.pl\/index.php\/wp-json\/wp\/v2\/pages\/393\/revisions"}],"predecessor-version":[{"id":1239,"href":"https:\/\/powreketrzyn.pl\/index.php\/wp-json\/wp\/v2\/pages\/393\/revisions\/1239"}],"wp:attachment":[{"href":"https:\/\/powreketrzyn.pl\/index.php\/wp-json\/wp\/v2\/media?parent=393"}],"curies":[{"name":"wp","href":"https:\/\/api.w.org\/{rel}","templated":true}]}}